ulate i(s).
-4
Let r(g) = -4*g**3 + 14*g**2 + 9*g + 6. Let f(m) = -m**3 + 2*m**2 - 1. Let v(d) = -3*f(d) + r(d). Determine v(9).
9
Suppose -4*x = 101 - 93, -m - 3*x = 0. Let q(n) = 0*n - 3*n - 2*n - 2. Give q(m).
-32
Let r(c) be the third derivative of -c**6/120 + 7*c**5/60 - c**4/8 - 2*c**3/3 - 514*c**2. Give r(4).
32
Let g(o) be the first derivative of 9 - 1/4*o**4 + 7/2*o**2 + 5/3*o**3 - o. Calculate g(6).
5
Let x(c) be the first derivative of -2*c**3/3 - c**2 + 2. Let p = -32 + 30. Calculate x(p).
-4
Let w(f) = 312*f**2 - 150*f + 148*f - 306*f**2 + 2. Give w(1).
6
Suppose 0 = -5*b + 16 + 9. Let y(g) = 5 - 5 + 2*g + g**3 - 1 - b*g**2 + 0. Suppose -x - 2*x + 9 = 0. Calculate y(x).
-13
Let f(k) = 2*k - 7. Let v = -91 + 97. What is f(v)?
5
Let f(j) = 3*j + 4. Let g be ((-1)/(-3))/((-1)/(-9)). Suppose g*u = -5*u - 40. What is f(u)?
-11
Let j(o) = o**3 - o**2 - 1. Let b(d) = 4*d**3 - 12*d**2 + d - 13. Let w(v) = -b(v) + 3*j(v). Give w(9).
1
Suppose 0 = -4*v + 11 + 9. Let g be -8 + v + (-2)/(-1). Let s(q) = 9*q + 1. Calculate s(g).
-8
Let l(j) = 21*j**3 + 11*j**2 - 37*j**3 - 3*j - 8 + 4*j + 15*j**3. Calculate l(11).
3
Let u = -29 + 30. Suppose -u + 0 = -q. Let x(s) = -25*s + 2 + 0 + 22*s - q. Calculate x(-2).
7
Let q(r) = -r**3 - 16*r**2 - 8*r - 15. Let y(p) = 2*p**3 + 47*p**2 + 23*p + 44. Let d(h) = -8*q(h) - 3*y(h). Give d(7).
2
Let w(v) be the first derivative of v**3/3 + 4*v**2 + 12*v + 368. Give w(-6).
0
Suppose -4*k = 12*o - 10*o + 24, 0 = -2*o - 3*k - 27. Let g(c) = 2*c + 31. Calculate g(o).
-5
Suppose -6*j = 1 - 19. Let c(s) = -j*s + 2*s - 1 - 3 - s**2 - 2*s. Give c(-5).
-14
Let y(c) = -c**3 - 14*c**2 - 14*c + 4. Let v(u) = -u**3 - 13*u**2 - 13*u + 3. Suppose 3*t = -11 - 7. Let f(p) = t*v(p) + 5*y(p). Give f(-7).
-5
Let y = 15 + -25. Let o = y - -12. Let n(x) = x**3 + o - 3*x - 4 + 0 - 4*x - 5*x**2. Give n(6).
-8
Let t(x) = x**2 + 1. Let f(c) = c**3 + 2*c**2 - c - 3. Let a(r) = f(r) - 2*t(r). Let i be 0*(4 - 18/4)*-2. Give a(i).
-5
Suppose 12*x + 10 = 17*x. Let r(u) = u**2 - 3*u + 1. Calculate r(x).
-1
Let d(k) = 48*k**2 - 3*k - 2. Let a be d(-4). Let s(o) = -1 + 383*o + 391*o - a*o. Suppose 3*i - 5*r = 6, -3*r + 8*r = -3*i + 6. What is s(i)?
-9
Let o be 12/(-9)*6/(-4). Let j(u) be the second derivative of -u**4/12 + u**3/3 - u**2 + 26*u. Let y(a) be the first derivative of j(a). Give y(o).
-2
Let u(v) = -3*v - 3. Let r(h) = 0*h - 2*h + 9*h - 6*h - 1. Let n(c) = 2*r(c) + u(c). Give n(-4).
-1
Let y(q) = q**3 + 7*q**2 - 2*q - 1. Suppose 3*g = -x - 16, 86 = -3*g - 5*x + 78. Determine y(g).
47
Let b(r) = 58 - 2*r - 27 - 35 - 5*r**2. Let i(h) = -10*h**2 - 3*h - 7. Let w(x) = 5*b(x) - 3*i(x). Calculate w(2).
19
Suppose 3*z + 9*a + 20 = 8*a, -3*z - 22 = -a. Let p(b) = 8*b + 3*b + b**2 - 4*b - 5. Determine p(z).
-5
Let y(x) be the third derivative of -x**5/60 + 2*x**4/3 - 13*x**3/3 - 223*x**2. Determine y(14).
2
Let m(n) = 8 - 6*n - 10*n - 2*n + 12*n. Let z(x) = -x + 1. Suppose -5*r + 4*f - 17 = 0, -4*r - 8 = -f - 1. Let q(p) = r*m(p) + 5*z(p). Determine q(-6).
-9
Let y(m) = -m**3 + 4 + 0 + 3*m**2 - 3 + 4*m. Let n be 5*33/30*(-24)/(-22) - 2. Calculate y(n).
1
Let k(i) = -i**3 - 13*i**2 + 13*i - 7. Let s be k(-14). Let l(c) = s*c**2 - 2*c**2 - 1 + c**2 - 2*c + 0. What is l(-1)?
7
Let i(t) = -t**3 + t**2 + t + 1. Let d be -4 + (12/(-24) - (-5)/2). Determine i(d).
11
Let q(l) = -l + 11. Let p(s) = 2*s - 22. Let r(c) = 4*p(c) + 9*q(c). Let v be r(7). Let b be (-6)/(-2)*v/12. Let w(f) = 13*f. Calculate w(b).
13
Let f(x) = x**2 + 11*x - 12. Let v be f(-12). Suppose 0 = -5*h - v*t + 2*t + 41, -37 = -4*h + 3*t. Let r(j) = 7 + 6*j + 2 - 1 - h. What is r(-1)?
-5
Let m(d) be the third derivative of d**4/4 + 5*d**3/3 - 11*d**2 - 4. Calculate m(-6).
-26
Let d(c) = -c**2 + c + 1. Let z(o) = -6*o**2 + 6*o + 32. Let w(y) = 5*d(y) - z(y). Suppose -42*t + 6 = q - 39*t, 4*q = -2*t + 4. Determine w(q).
-27
Let t(s) = 3*s - 5. Let v be 102/136 + (-10)/(-8). What is t(v)?
1
Let o(g) = 7*g - 90. Let q be o(12). Let v(h) = h**2 + 6*h - 10. What is v(q)?
-10
Let w(t) = 3*t + 3. Let u be (-1 - 0) + (-1)/(-1). Suppose u = -19*z + 16*z - 9. Let b be w(z). Let j(m) = -m**2 - 5*m + 4. What is j(b)?
-2
Let g(v) = -14 - 12 - 20 + 4*v + 67 - 22. Give g(-1).
-5
Suppose r + 5 = -5*y - 4*r, 3*y = r + 17. Let x be 7/(-84)*y*-1*3. Let s(c) = 0*c**3 - c**2 + 0*c**2 + c + c**3. Determine s(x).
1
Let k be -2 + 36*(-8)/(-128). Let r(u) be the first derivative of 1/3*u**3 + 7 + k*u**4 - u + 0*u**2. Give r(1).
1
Let q(m) = -2*m**2 - 6*m - 2. Let t(k) = -78*k**2 + 3*k + 153*k**2 - 76*k**2 + 24. Let u be t(7). Calculate q(u).
-10
Suppose 5*h - 68 = 7. Suppose -4*p - p = -h. Let b(f) = 2*f**2 - 59 - 4*f**p + 61 + 0*f**3 + 5*f**3. Determine b(-2).
2
Let y(r) = -r + 6. Let z be y(3). Suppose z*j + k = -20, -5*j + k = 17 + 3. Let w(s) = 2*s**2 + 7*s + 3. Determine w(j).
18
Let c(y) = -3*y**3 - y + y**2 + 2*y**3 - 4*y**2. Suppose 0*x = -3*x. Let o be (-69)/(-23) - (6 - x). Calculate c(o).
3
Let a(u) be the first derivative of -u**4/8 - u**3/3 - 7*u**2/2 - 32. Let k(o) be the second derivative of a(o). Calculate k(-7).
19
Let q(t) be the first derivative of -t**3/3 - 8*t**2 - 7*t - 37. Let c be q(-15). Let b(z) = z**2 - 10*z + 9. Give b(c).
-7
Let a(c) be the first derivative of -2*c**3/3 + 19*c**2/2 - 18*c + 296. Determine a(9).
-9
Suppose -n - 4*x + 0*x = -11, -5*x = 2*n - 19. Let a(j) be the second derivative of 1/2*j**2 + n*j + 3/4*j**4 + 0 - 1/6*j**3. What is a(1)?
9
Let f(h) = -2*h + 2. Let o = -59 + -3. Let l = o - -65. What is f(l)?
-4
Let i(v) = -3*v**2 - 27*v + 30. Let f(s) = -s**2. Let x(t) = -2*f(t) + i(t). Let q be x(-28). Let b(u) = u - 2. What is b(q)?
0
Let d(n) be the first derivative of -n**2/2 - 3*n - 4. Let m = 187 + -184. What is d(m)?
-6
Suppose 2*v - 8*v = -24. Let c(p) = -9 + 3 - 2*p + 4*p + 0*p. What is c(v)?
2
Let l(s) be the first derivative of s**4/4 - 11*s**3/3 + 9*s**2/2 + 9*s - 374. Determine l(10).
-1
Let i(t) be the third derivative of -t**5/60 - t**4/12 - t**3/3 - 18*t**2 - 3. Give i(-7).
-37
Let u(p) = p**3 + 8*p**2 + 9*p. Let k be 2/5*(-9 - 6). Determine u(k).
18
Suppose p + u + 1 = 3*u, -p = 5*u - 13. Let v(h) = -5*h**2 + h**3 + 26 + 0*h**p - 21. Let c(n) = -6*n - 1. Let w be c(-1). Calculate v(w).
5
Let o(j) = -j**3 - j**2 - j + 6. Let x = -2 + 9. Let p(r) = 12 - 7 + 0*r - x - 2*r. Let u be p(-1). What is o(u)?
6
Let a = -147 - -150. Let p(l) be the first derivative of -l**4/4 + 2*l**3/3 + 3*l**2/2 + 4*l - 2. Calculate p(a).
4
Let h(f) = f**2 + f + 1. Let b = 24 + -22. Let u be (-4 + b + 3)/(-1). What is h(u)?
1
Let l(k) = -k - 2. Let c(f) = f**2. Let z be 13 - 9 - 1/1. Let i be (-2)/((-6)/z)*1. Let d(r) = i*c(r) + l(r). Determine d(0).
-2
Let v(a) = -a + 15. Let f be (-10)/6 + (-3068)/(-354). Give v(f).
8
Suppose 0 = -53*f + 98 + 61. Let w(s) = 3*s**2 - 3*s + 4. Let k(a) = 10*a**2 - 9*a + 12. Let r(n) = -2*k(n) + 7*w(n). What is r(f)?
4
Let m(o) be the third derivative of 1/12*o**4 + 7*o**2 - 1/20*o**5 - 1/120*o**6 + 0*o + 0 + 2/3*o**3. Determine m(-4).
12
Suppose o + 2*l + 6 = -0*o, -4*o - l = -11. Suppose o*j - 2*g = -0*j, j + g = -6. Let n(c) = c**2 + 3*c - 1. Determine n(j).
-3
Let g = 14 - 10. Let o(a) = -8 + 3*a**2 - 8 + g*a - 9 - a**3 + 21. Calculate o(4).
-4
Let t(y) be the first derivative of -y**4/4 - 21*y + 54. Determine t(0).
-21
Suppose -3*j + 3*y + 30 = 0, 32 = 2*j - 0*j - 5*y. Suppose j*d - 6 = 3*d. Let l(w) = -w**d - 1 + 0*w + 0 - 18*w**3 + 17*w**3 + w. What is l(0)?
-1
Let z(b) = b**3 + b**2 + 17. Suppose 4*f - 9 = -y + 25, y - 7 = -f. Let r(x) = x**2 - 11*x + 18. Let t be r(f). Calculate z(t).
17
Let n(j) be the third derivative of -5*j**4/24 - 10*j**3/3 - 497*j**2. Calculate n(-9).
25
Let x be 413/8 + (-27)/(-72). Let c be 8/x + (-84)/39. Let w(t) = 2*t**2 + 3*t. Give w(c).
2
Let v(q) = 2*q**3 - q**2 + q + 1. Let n be (-6)/8 + 20/(-16). Let d be (-1)/(1 + (-3 - -1)). Let f be 1/((n - 0) + d). What is v(f)?
-3
Suppose 4*n - 261 = -229. Let p(h) = h**3 - 7*h**2 - 7*h - 6. What is p(n)?
2
Let d(r) = r**2 + 6*r. Let i be (6/3)/((-2)/(-12)). Let h be (-98)/i + 4/24. Let o be (-4)/h + 39/(-6). What is d(o)?
0
Let i be (-63 - -61)/((-1)/1). Let y(l) = -l - 4. Calculate y(i).
-6
Let k(v) = -v**2 + 4*v - 5. Suppose -l = 5*u + 93, 2*l = -3*l - 1